 (-3 + (-7 - (0 - 7)))?
-2
Calculate 8 + -11 + 4 - (-3 - 3).
7
Evaluate -3 + -9 + -18 + 38.
8
Evaluate -8 + 4 + -2 + 8.
2
What is the value of 12 + -9 + 2 + -12?
-7
What is 57 + -57 - (1 - 7)?
6
Evaluate -4 + (1 - 5 - 0).
-8
-4 + -3 + 8 + -3
-2
What is the value of -4 + (8 - (17 - 2)) + 8?
-3
What is 1 + (-9 - -4) - 3?
-7
3 + (5 - 12 - -4)
0
What is the value of 4 + (-5 + 3 - 1)?
1
What is the value of 11 + -3 + 14 + -20?
2
Calculate -3 + 1 + -2 + 9 + -6.
-1
What is the value of 0 - 3 - (-24 + 8 + 8)?
5
What is the value of -6 + 5 - (1 - 1) - 3?
-4
Calculate 1 - ((3 - 4 - -2) + 4).
-4
-8 + (14 - 1) - (12 - -1)
-8
Evaluate (8 - 2) + (-37 - -35).
4
What is -8 + (-9 + 35 - 10)?
8
-5 + 1 - (-5 + (-4 - -6))
-1
-8 + 3 - (0 + -12 - -7)
0
What is the value of (0 - -1) + (-42 - -48)?
7
What is the value of (2 - -1) + -9 + 8?
2
Calculate 4 + (-4 + 0 - 0).
0
What is the value of -3 + (3 - (-1 + 1 - -2))?
-2
Calculate -6 + (3 - -2) + 6.
5
What is the value of (-39 - -32) + (5 - (0 - -2))?
-4
What is -6 - (0 - (2 - 0))?
-4
Evaluate 2 + (-4 - (2 - 1)).
-3
Evaluate 4 + (9 - 8) + 0.
5
What is the value of -4 + -2 + (4 - 0)?
-2
Calculate -3 + (10 - 15) + -1 + 3.
-6
What is -1 + (0 + -4 - -4)?
-1
Calculate 8 - (-3 + (-2 - -2 - -6)).
5
What is the value of 0 - -1 - (5 + 4 - 6)?
-2
What is (3 - (0 - -1)) + 1?
3
What is the value of 2 + -2 - ((0 - -1) + 1)?
-2
Evaluate -4 - -4 - (2 + -6).
4
Evaluate 1 - (2 + 3) - (27 - 31).
0
What is 3 - (-6 - (-29 - -12))?
-8
What is the value of 5 + 6 + -6 + 2 + -2?
5
-16 - -7 - -5 - -2
-2
-2 - (-9 + 5) - (7 - -2)
-7
Evaluate 3 + 2 + (-14 - -8) - 6.
-7
0 - 8 - (1 - 16)
7
Calculate -3 - (-1 - 1) - (0 + 5).
-6
Evaluate (0 - 4) + (0 - (-10 - 0)).
6
-12 - (-6 + 2 + -3)
-5
(0 - (5 - 3)) + 1 + 1
0
Calculate 3 + (-6 - -8) - 2.
3
Calculate -4 - -2 - 1 - (1 - 0).
-4
(-8 - -1 - 1) + 3
-5
Evaluate -1 - (1 - 0 - 5).
3
Calculate 24 + -4 + -12 + -15.
-7
What is the value of (-2 - 0) + (-3 - -4)?
-1
What is 4 + -6 + 1 - (-1 + -4)?
4
Evaluate (-6 - (-3 + 4)) + 3 - -10.
6
What is the value of -4 + 11 + 0 + -13?
-6
Calculate -9 + (-5 - (-20 - 1)) + -8.
-1
Evaluate (3 - 3) + -1 - -2.
1
(-6 - -3) + (0 - 1) - -1
-3
What is 5 - ((-2 - 0) + 2)?
5
What is the value of 20 + (-2 - 8) + (-2 - 2)?
6
-2 + (1 - -2) + 1 + 0
2
(10 - 0) + -10 - -10
10
What is -1 + 6 - (-35 + 33)?
7
Calculate -8 + 6 + 6 + -10.
-6
(-6 - -1 - 1) + 4
-2
Evaluate -5 - -6 - 3 - -1.
-1
Evaluate (3 - 7) + (9 - 3).
2
0 - 7 - (-16 - -17 - 9)
1
Calculate -12 + 21 + -5 + (-11 - 1).
-8
4 + -10 + -1 + -3 + 3
-7
(-7 - 0) + -2 + 5 - 5
-9
What is 5 + -1 - (0 - 0) - -1?
5
1 + -1 - (-2 - -10 - 4)
-4
Evaluate -2 - (-14 + 11 + 6).
-5
What is the value of 2 - 3 - (5 + -2)?
-4
What is (2 - (-7 + (2 - -1))) + -3?
3
3 + -4 + 2 - (89 + -82)
-6
What is -19 + (24 - (1 - -11))?
-7
Calculate -4 + (-16 - -4 - -18).
2
What is -3 + 0 - (6 - (-3 - -7))?
-5
Evaluate -6 + (-1 - (2 + (-4 - 1))).
-4
What is 0 + -1 + -2 + 8?
5
7 + 0 + -3 + 1
5
What is 5 - (5 + -5 + 8) - -5?
2
Evaluate 1 + (-1 - -3 - 3).
0
Evaluate 5 + (-3 - -5 - -3) - 5.
5
Calculate -6 + -2 + (4 - -2).
-2
(25 - 32) + 4 + (0 - -3)
0
-15 - (7 + -7) - -9
-6
What is 0 + -6 - (-1 - 0)?
-5
4 + -4 + (1 - (5 + -2))
-2
Evaluate (-27 - -23) + (-1 + 7 - 1).
1
-3 + (-4 + 6 - 2)
-3
Evaluate -4 + 7 + -5 - (-6 + -3).
7
Evaluate 4 - (2 - -2 - (1 + -2)).
-1
Evaluate -6 - -1 - (-4 - (6 + -7)).
-2
What is -6 - ((0 - -4) + -5)?
-5
What is -2 + 5 + (-4 - -1)?
0
Calculate 7 + 20 - 7 - 11.
9
What is 0 - (10 + -9 + (0 - 2))?
1
10 + (-3 + 10 - 22)
-5
(6 + -2 - 4) + -3
-3
What is the value of -4 - (-4 + 0 + 3)?
-3
6 + (-2 + 0 - -1)
5
What is -4 - (-4 + (6 - 0))?
-6
Calculate 0 + -10 - (-13 + 10 + 1).
-8
Calculate 1 + 2 - (-5 - -3 - -4).
1
Evaluate ((5 - 11) + 3 - -2) + -2.
-3
Evaluate (2 - -1 - 0) + -4.
-1
(11 + (-5 - -2) - 5) + -6
-3
Calculate -5 + (9 - 4 - 3).
-3
What is the value of 6 + (-7 - -5) - 10 - -3?
-3
Evaluate 2 - (1 + 12 + 1 - 6).
-6
What is the value of 9 - (10 + -18 - -8)?
9
What is the value of (-3 + 4 - 2) + 1 - 6?
-6
Calculate 2 - (11 - (-3 - -6)).
-6
What is the value of (1 - (0 + 6 - 10)) + 1?
6
Evaluate -2 - (2 - (4 - -4)) - 0.
4
What is (-13 - (-11 + 10)) + 6?
-6
Evaluate 7 + -3 + -20 + 13.
-3
Calculate -7 + -4 - (4 - -7 - 19).
-3
7 + (-13 - (-7 - -1))
0
What is (-7 - -15 - 5) + (1 - -2)?
6
Calculate -1 + 0 - (4 + -3 + 1).
-3
What is (-3 - 0 - -4) + 1 + 3?
5
3 + (-7 - -1 - 0)
-3
Calculate -7 + 3 + 4 - (-1 - 0).
1
Evaluate 19 + (9 - 31) + 1 + -1.
-3
(3 - 2 - 5) + 7
3
Evaluate 6 - ((3 - 8) + 5 - -4).
2
Evaluate 54 - 41 - (-1 - -9).
5
What is the value of -2 + -8 - (-6 - 0)?
-4
(5 - 2 - 13) + -1 + 5
-6
-2 + 5 - 1 - 2
0
Calculate -1 + (-10 + -3 - -1) + 6.
-7
Calculate -8 - (-14 + 7) - (0 + -6).
5
What is -4 + -2 - -8 - -8?
10
What is -11 + 7 + (1 - 4 - -10)?
3
96 + -93 + (4 - -2)
9
Calculate -9 - -6 - (-1 + -1 + -3).
2
Calculate 2 - (2 - 8) - 4.
4
Calculate -2 - -4 - 6 - -7.
3
What is -2 - -8 - (4 - 1)?
3
What is the value of 5 + (-5 + 1 - -2) - 5?
-2
What is 7 + -6 + 10 - 11?
0
8 - (-1 + 3 - -3)
3
What is the value of -1 + (5 - 3) - (-5 - -3)?
3
What is the value of 0 - (1 + -8) - (-5 - -13)?
-1
Calculate 0 + (1 - -6) + -4.
3
What is the value of (-2 - 8) + 9 - (-10 + 1)?
8
What is (-7 - (-7 + (4 - 3))) + 2?
1
(7 - (0 - -3)) + -3
1
Calculate 15 + 1 - (331 + -323).
8
Calculate (-5 + 8 - -6) + -5 + 0.
4
What is -1 + (3 - 6 - (3 + -7))?
0
What is -7 + (3 - (-3 - (-3 - -2)))?
-2
What is the value of -4 + (0 + -5 - (-5 + -2))?
-2
What is 10 + -2 - (-35 - -46)?
-3
What is 8 + (-2 + -1 - 3)?
2
Evaluate -8 - (4 - 5) - (-1 + -2).
-4
What is -6 + 2 + 2 - (127 - 123)?
-6
Calculate -8 - (-19 + 9) - (2 + -5).
5
Evaluate -2 + (6 - 7) + (1 - 2).
-4
What is the value of 0 + 0 + (36 - 42)?
-6
What is -10 + -1 + 13 + -11?
-9
What is the value of (4 - ((-8 - -3) + 4)) + -10?
-5
Calculate -2 + -1 + (-14 - -6 - -4).
-7
What is 2 + 1 - (4 - 9 - -9)?
-1
Calculate 0 + 5 + -6 + 4 + -1.
2
-1 - (-3 + (5 - -2) + -2)
-3
What is the value of (-1 - (-2 - -5 - 6)) + 1?
3
What is the value of -9 + 6 + 15 - 5?
7
What is the value of 0 + -3 + -5 + 7?
-1
Evaluate 10 + -3 - (0 - (-2 + 2)).
7
What is -2 + (2 - -3) + 14 + -19?
-2
Calculate -25 + 25 + (1 - -3).
4
4 - (3 - (1 + 4)) - -1
7
Calculate 3 + 2 + (-1 - (4 + -2)).
2
Evaluate 7 + -15 + 14 + -6.
0
What is the value of 1 + (-13 - -8) - -9?
5
What is the value of -7 - -6 - 2 - -11?
8
4 - 2 - (2 + 3)
-3
What is the value of 1 + (5 - 0) + -9?
-3
(-1 - 3) + (3 - (-4 + 0))
3
Calculate -2 + (13 - 9) - 8.
-6
What is the value of (4 - 8) + 3 - -2 - 4?
-3
What is the value of (3 - (7 + -5)) + -7?
-6
What is (-1 - -4 - 6) + 2?
-1
-24 - -32 - (1 - -4)
3
Calculate -4 + -4 + 13 + 1 + 0.
6
Calculate 12 - (-8 - (-8 - 21)).
-9
What is -3 + 1 + (7 - 6) - 1?
-2
What is the value of 1 - (4 - (1 + 0 + 8))?
6
Evaluate 5 - (10 + 3 - 9).
1
Evaluate -4 - ((-1 - (1 + 3)) + 5).
-4
What is 6 - (5 + -3) - (7 + -1)?
-2
Evaluate -5 - (-4 - (-4 + 1)) - -4.
0
-1 - 4 - (-6 - -2 - 9)
8
What is (1 + 1 + -3 - 0) + 6?
5
4 - 0 - (-3 + 8)
-1
What is (-3 - (-3 + 3)) + 5?
2
What is (1 - 0) + (-15 - -16)?
2
Evaluate (0 - -4) + (3 + 6 - 14).
-1
(-5 - 0) + (-4 - -5)
-4
What is (7 - 1) + -11 + 5?
0
What is 1 + -1 - (3 - -1)?
-4
What is the value of 5 - (-3 - -8 - (11 + -5))?
6
What is 8 + -2 + (4 - 5)?
5
What is 2 - -6 - (11 + -8)?
5
Evaluate -3 + -6 - -8 - (2 - 1).
-2
What is the value of (2 - 2) + (-2 - 0) - -5?
3
What is -1 - (1 + -3 - (-1 + -4))?
-4
What is (-1 - -1 - -8) + (0 - 4)?
4
What is the value of 4 + -6 + -1 + 4?
1
What is (4 - (6 + 5)) + 7?
0
What is (8 - (0 + 11)) + 0?
-3
Evaluate -2 - (0 + -12 + 7).
3
-3 + -1 - (12 + -12)
-4
-3 - (-3 - -1) - (-1 - -2)
-2
Calculate 4 - (2 + -7 - (4 + -8)).
5
What is -8 - (-5 - (8 + -4)) - 4?
-3
What is the value of (-2 - 1) + (-2 - (-6 + 1))?
0
0 - (-1 + 7 - 11 - 1)
6
-1 + (1 + (-3 - -6) - 1)
2
Calculate (-1 - (3 - -1)) + -5.
-10
Calculate -1 + (2 - 11) + 8.
-2
Calculate -5 + (18 - 19) - (-1 - -1).
-6
What is 0 - (-2 + (-4 - -1))?
5
What is the value of 1 + -4 + 2 + -4?
-5
What is the value of 1 + 6 - (12 - (8 + -2))?
1
12 + -7 - (-6 - (-7 + -5))
-1
Calculate -5 + -3 + 3 - (-6 + -3).
4
-8 + 10 + (-1 - -1)
2
What is the value of (1 + -6 - 2) + 2?
-5
Evaluate (8 + -4 - 13) + 14.
5
Calculate -3 - (-1 - 3) - -4.
5
What is the value of 